{"id":667,"date":"2012-10-15T18:44:32","date_gmt":"2012-10-15T18:44:32","guid":{"rendered":"http:\/\/www.geenf.fe.usp.br\/v2\/?page_id=667"},"modified":"2022-03-23T00:36:35","modified_gmt":"2022-03-23T00:36:35","slug":"parcerias","status":"publish","type":"page","link":"https:\/\/geenf.fe.usp.br\/?page_id=667","title":{"rendered":"Parcerias"},"content":{"rendered":"<ul>\n<li>Department of Science Education, University of Copenhagen<\/li>\n<li>Instituto Butantan &#8211; SP<\/li>\n<li>Instituto Nacional de Ci\u00eancia e Tecnologia em Toxinas &#8211; INCTTOX<\/li>\n<li>Museu de Zoologia da Universidade de S\u00e3o Paulo &#8211; MZUSP<\/li>\n<li>Universidade Federal do ABC (UFABC)<\/li>\n<li>INCT Comunica\u00e7\u00e3o P\u00fablica da Ci\u00eancia e Tecnologia<\/li>\n<li>Universidade Federal do Vale do S\u00e3o Francisco (UNIVASF)<\/li>\n<li>Universidade de Toronto\/OISE &#8211; Ontario Institute of Science Education<\/li>\n<li>Universidade Federal do Tri\u00e2ngulo Mineiro<\/li>\n<\/ul>\n","protected":false},"excerpt":{"rendered":"<p>Department of Science Education, University of Copenhagen Instituto Butantan &#8211; SP Instituto Nacional de Ci\u00eancia e Tecnologia em Toxinas &#8211; INCTTOX Museu de Zoologia da Universidade de S\u00e3o Paulo &#8211; MZUSP Universidade Federal do ABC (UFABC) INCT Comunica\u00e7\u00e3o P\u00fablica da &hellip;<span class=\"leia_mais\"><a href=\"https:\/\/geenf.fe.usp.br\/?page_id=667\">Leia +<\/a><\/span><\/p>\n","protected":false},"author":3,"featured_media":0,"parent":0,"menu_order":0,"comment_status":"open","ping_status":"open","template":"","meta":{"footnotes":""},"class_list":["post-667","page","type-page","status-publish","hentry"],"_links":{"self":[{"href":"https:\/\/geenf.fe.usp.br\/index.php?rest_route=\/wp\/v2\/pages\/667","targetHints":{"allow":["GET"]}}],"collection":[{"href":"https:\/\/geenf.fe.usp.br\/index.php?rest_route=\/wp\/v2\/pages"}],"about":[{"href":"https:\/\/geenf.fe.usp.br\/index.php?rest_route=\/wp\/v2\/types\/page"}],"author":[{"embeddable":true,"href":"https:\/\/geenf.fe.usp.br\/index.php?rest_route=\/wp\/v2\/users\/3"}],"replies":[{"embeddable":true,"href":"https:\/\/geenf.fe.usp.br\/index.php?rest_route=%2Fwp%2Fv2%2Fcomments&post=667"}],"version-history":[{"count":10,"href":"https:\/\/geenf.fe.usp.br\/index.php?rest_route=\/wp\/v2\/pages\/667\/revisions"}],"predecessor-version":[{"id":4227,"href":"https:\/\/geenf.fe.usp.br\/index.php?rest_route=\/wp\/v2\/pages\/667\/revisions\/4227"}],"wp:attachment":[{"href":"https:\/\/geenf.fe.usp.br\/index.php?rest_route=%2Fwp%2Fv2%2Fmedia&parent=667"}],"curies":[{"name":"wp","href":"https:\/\/api.w.org\/{rel}","templated":true}]}}